highest common divisor of 415 and 30295.
415
Calculate the highest common factor of 16 and 127646.
2
What is the highest common factor of 117537 and 1827?
609
Calculate the highest common divisor of 765 and 2880.
45
What is the highest common factor of 1087 and 3407745?
1087
What is the greatest common factor of 87203 and 2697?
899
Calculate the greatest common factor of 2959 and 1177.
11
Calculate the greatest common factor of 543 and 8219391.
543
What is the greatest common factor of 27 and 221193?
9
Calculate the greatest common divisor of 90 and 3609.
9
Calculate the greatest common factor of 74 and 34706.
74
Calculate the greatest common divisor of 130663 and 10580.
529
What is the greatest common factor of 4 and 1139284?
4
What is the greatest common factor of 608 and 488984?
152
What is the highest common divisor of 17568 and 6714?
18
What is the highest common factor of 106 and 531378?
106
Calculate the greatest common divisor of 315639 and 306.
153
What is the highest common divisor of 204 and 92?
4
Calculate the greatest common divisor of 391203 and 27.
27
Calculate the greatest common divisor of 108 and 631908.
108
What is the highest common divisor of 28622 and 176?
22
Calculate the greatest common factor of 23 and 1233467.
23
Calculate the greatest common divisor of 71250 and 171.
57
Calculate the highest common divisor of 602 and 7783.
43
Calculate the greatest common divisor of 17 and 63257.
17
Calculate the greatest common divisor of 2496 and 2613.
39
What is the greatest common divisor of 10425 and 27675?
75
What is the greatest common factor of 44808 and 492?
12
Calculate the highest common factor of 2987204 and 11.
11
Calculate the greatest common divisor of 54341 and 196.
49
What is the highest common divisor of 149702 and 67303?
629
What is the greatest common factor of 124 and 114514?
62
What is the highest common divisor of 547 and 29?
1
Calculate the highest common divisor of 504 and 120897.
63
Calculate the highest common factor of 1330 and 13650.
70
Calculate the highest common factor of 19 and 204630.
19
What is the highest common divisor of 1725 and 748075?
575
Calculate the highest common factor of 494 and 12388.
38
What is the greatest common factor of 3022843 and 38?
19
Calculate the greatest common factor of 204440 and 2280.
760
Calculate the highest common factor of 127981 and 24118.
389
Calculate the greatest common factor of 224 and 2066904.
56
Calculate the greatest common factor of 200 and 120.
40
Calculate the highest common divisor of 43172 and 473.
43
What is the highest common divisor of 692355 and 2121?
303
What is the highest common factor of 924 and 33418?
154
What is the highest common factor of 212 and 107378?
106
What is the greatest common factor of 345 and 18745?
115
What is the highest common factor of 289647 and 36?
9
Calculate the highest common divisor of 15308 and 1892.
172
Calculate the greatest common divisor of 3906 and 5796.
126
What is the highest common divisor of 575 and 6486?
23
What is the highest common divisor of 13 and 20124?
13
What is the highest common factor of 3406 and 52?
26
Calculate the greatest common divisor of 579471 and 932.
233
What is the highest common divisor of 4121 and 9399?
13
What is the highest common divisor of 105 and 31?
1
What is the highest common factor of 310 and 16540?
10
What is the highest common divisor of 20 and 2676?
4
Calculate the greatest common divisor of 18420 and 69382.
614
Calculate the greatest common divisor of 144 and 47264.
16
What is the greatest common factor of 432 and 21072?
48
What is the highest common divisor of 1991 and 13032?
181
What is the highest common factor of 230 and 683215?
115
Calculate the highest common factor of 51 and 535585.
17
Calculate the greatest common factor of 468 and 22425.
39
Calculate the highest common divisor of 852 and 7716.
12
What is the highest common divisor of 180 and 13248?
36
What is the highest common factor of 25468 and 56?
4
What is the highest common factor of 6867 and 59031?
63
What is the highest common divisor of 11660 and 15600?
20
Calculate the highest common divisor of 200 and 8775.
25
Calculate the greatest common factor of 256 and 7696.
16
What is the highest common factor of 34965 and 432?
27
Calculate the highest common divisor of 20 and 188010.
10
What is the highest common factor of 17236 and 2480?
124
Calculate the greatest common divisor of 20492 and 104.
4
Calculate the greatest common factor of 915 and 3405.
15
What is the highest common divisor of 66 and 1090914?
66
Calculate the greatest common factor of 36 and 78426.
18
What is the highest common divisor of 4 and 789532?
4
Calculate the highest common divisor of 9420 and 54.
6
Calculate the greatest common divisor of 7903264 and 1984.
992
Calculate the greatest common factor of 7271 and 1485.
11
Calculate the highest common factor of 27 and 6453.
27
Calculate the greatest common factor of 12751 and 5002.
41
Calculate the highest common divisor of 72 and 57933.
9
Calculate the greatest common factor of 521260 and 60.
20
Calculate the highest common factor of 9009 and 22869.
693
Calculate the highest common divisor of 2189 and 858.
11
What is the highest common divisor of 43512 and 4152?
24
What is the highest common divisor of 504 and 527520?
168
What is the greatest common divisor of 928 and 17197?
29
Calculate the greatest common divisor of 25452 and 144.
36
What is the highest common divisor of 7903 and 2258?
1129
What is the greatest common divisor of 315234 and 756?
18
Calculate the highest common divisor of 25 and 49525.
25
What is the greatest common divisor of 51142 and 35?
7
What is the greatest common divisor of 5628 and 24187?
67
What is the highest common divisor of 97043 and 159?
53
What is the greatest common divisor of 153 and 168147?
153
What is the greatest common divisor of 14 and 1895579?
7
What is the highest common factor of 184 and 271515?
23
What is the greatest common factor of 689 and 66547?
13
What is the greatest common factor of 10408489 and 2093?
2093
Calculate the highest common divisor of 44340 and 2100.
60
What is the greatest common divisor of 218467 and 17?
17
Calculate the greatest common divisor of 510608 and 376.
376
What is the greatest common factor of 32 and 4384?
32
Calculate the greatest common divisor of 30 and 2573475.
15
Calculate the highest common factor of 943 and 46897.
23
What is the greatest common divisor of 6874 and 14?
14
Calculate the highest common divisor of 33328 and 1424.
16
What is the highest common factor of 3919952 and 16?
16
What is the greatest common divisor of 208752 and 84?
12
Calculate the greatest common factor of 360 and 503160.
120
Calculate the greatest common factor of 248 and 868.
124
What is the greatest common factor of 1647 and 85959?
9
What is the highest common factor of 4675 and 1788825?
425
What is the highest common divisor of 57222 and 15642?
198
Calculate the highest common divisor of 4953 and 212217.
381
Calculate the greatest common factor of 3790 and 105.
5
Calculate the greatest common factor of 13176 and 4636.
244
What is the greatest common divisor of 924 and 80542?
154
Calculate the greatest common divisor of 101 and 18834581.
101
What is the greatest common factor of 1461538 and 13?
13
Calculate the highest common divisor of 10890 and 4763.
11
Calculate the greatest common divisor of 5715 and 435483.
1143
What is the greatest common factor of 30 and 9694965?
15
Calculate the greatest common divisor of 577185 and 1725.
345
Calculate the highest common factor of 174616 and 115.
23
Calculate the highest common factor of 16572 and 96.
12
Calculate the greatest common factor of 37630 and 110.
10
Calculate the greatest common factor of 885754 and 454.
454
Calculate the greatest common divisor of 26 and 2048163.
13
What is the highest common factor of 6815 and 1247?
29
Calculate the greatest common factor of 43 and 19049.
43
What is the highest common factor of 40768 and 80704?
832
What is the greatest common factor of 7700 and 2860?
220
Calculate the highest common factor of 6 and 178.
2
Calculate the greatest common divisor of 33912 and 432.
216
Calculate the greatest common factor of 84129 and 522.
87
Calculate the highest commo